{"id":54,"date":"2025-07-31T04:05:39","date_gmt":"2025-07-31T04:05:39","guid":{"rendered":"https:\/\/maquinadecortarcoco.shop\/?page_id=54"},"modified":"2025-10-26T23:53:44","modified_gmt":"2025-10-26T23:53:44","slug":"elementor-pagina-54","status":"publish","type":"page","link":"https:\/\/maquinadecortarcoco.shop\/?page_id=54","title":{"rendered":"Elementor P\u00e1gina #54"},"content":{"rendered":"\t\t<div data-elementor-type=\"wp-page\" data-elementor-id=\"54\" class=\"elementor elementor-54\">\n\t\t\t\t<div class=\"elementor-element elementor-element-6c0ec23 e-flex e-con-boxed e-con e-parent\" data-id=\"6c0ec23\" data-element_type=\"container\">\n\t\t\t\t\t<div class=\"e-con-inner\">\n\t\t\t\t<div class=\"elementor-element elementor-element-33d2c615 elementor-widget elementor-widget-heading\" data-id=\"33d2c615\" data-element_type=\"widget\" data-widget_type=\"heading.default\">\n\t\t\t\t\t<h2 class=\"elementor-heading-title elementor-size-default\">Cansado de cortar coco no fac\u00e3o?<\/h2>\t\t\t\t<\/div>\n\t\t\t\t<div class=\"elementor-element elementor-element-76dfd6da elementor-widget elementor-widget-text-editor\" data-id=\"76dfd6da\" data-element_type=\"widget\" data-widget_type=\"text-editor.default\">\n\t\t\t\t\t\t\t\t\t<p><em>A m\u00e1quina que vai transformar seu trabalho est\u00e1 aqui.<\/em><\/p>\t\t\t\t\t\t\t\t<\/div>\n\t\t\t\t<div class=\"elementor-element elementor-element-41dda251 elementor-widget elementor-widget-image\" data-id=\"41dda251\" data-element_type=\"widget\" data-widget_type=\"image.default\">\n\t\t\t\t\t\t\t\t\t\t\t\t\t\t\t\t<a href=\"https:\/\/wa.me\/5571992798589\">\n\t\t\t\t\t\t\t<img decoding=\"async\" src=\"https:\/\/maquinadecortarcoco.shop\/wp-content\/uploads\/2025\/07\/WhatsApp-Video-2025-07-28-at-18.58.59.mp4\" title=\"\" alt=\"\" loading=\"lazy\" \/>\t\t\t\t\t\t\t\t<\/a>\n\t\t\t\t\t\t\t\t\t\t\t\t\t\t\t<\/div>\n\t\t\t\t\t<\/div>\n\t\t\t\t<\/div>\n\t\t\t\t<section class=\"elementor-section elementor-top-section elementor-element elementor-element-48c0b9c1 elementor-section-boxed elementor-section-height-default elementor-section-height-default\" data-id=\"48c0b9c1\" data-element_type=\"section\">\n\t\t\t\t\t\t<div class=\"elementor-container elementor-column-gap-default\">\n\t\t\t\t\t<div class=\"elementor-column elementor-col-100 elementor-top-column elementor-element elementor-element-20281db1\" data-id=\"20281db1\" data-element_type=\"column\">\n\t\t\t<div class=\"elementor-widget-wrap elementor-element-populated\">\n\t\t\t\t\t\t<div class=\"elementor-element elementor-element-37a846d2 elementor-widget elementor-widget-heading\" data-id=\"37a846d2\" data-element_type=\"widget\" data-widget_type=\"heading.default\">\n\t\t\t\t\t<h2 class=\"elementor-heading-title elementor-size-default\">Chega de cortar coco no fac\u00e3o!<\/h2>\t\t\t\t<\/div>\n\t\t\t\t<div class=\"elementor-element elementor-element-86c811f elementor-widget elementor-widget-text-editor\" data-id=\"86c811f\" data-element_type=\"widget\" data-widget_type=\"text-editor.default\">\n\t\t\t\t\t\t\t\t\t<p><em>Evite esfor\u00e7o, riscos e perca de tempo. A CocoBlade corta at\u00e9 780 cocos por hora com seguran\u00e7a e precis\u00e3o.<\/em><\/p>\t\t\t\t\t\t\t\t<\/div>\n\t\t\t\t<div class=\"elementor-element elementor-element-3aee25fd elementor-align-center elementor-widget elementor-widget-button\" data-id=\"3aee25fd\" data-element_type=\"widget\" data-widget_type=\"button.default\">\n\t\t\t\t\t\t\t\t\t\t<a class=\"elementor-button elementor-button-link elementor-size-sm\" href=\"https:\/\/wa.me\/5571992798589\">\n\t\t\t\t\t\t<span class=\"elementor-button-content-wrapper\">\n\t\t\t\t\t\t\t\t\t<span class=\"elementor-button-text\">Fale no WhatsApp<\/span>\n\t\t\t\t\t<\/span>\n\t\t\t\t\t<\/a>\n\t\t\t\t\t\t\t\t<\/div>\n\t\t\t\t\t<\/div>\n\t\t<\/div>\n\t\t\t\t\t<\/div>\n\t\t<\/section>\n\t\t\t\t<section class=\"elementor-section elementor-top-section elementor-element elementor-element-515a4501 elementor-section-boxed elementor-section-height-default elementor-section-height-default\" data-id=\"515a4501\" data-element_type=\"section\">\n\t\t\t\t\t\t<div class=\"elementor-container elementor-column-gap-default\">\n\t\t\t\t\t<div class=\"elementor-column elementor-col-100 elementor-top-column elementor-element elementor-element-1af8eb20\" data-id=\"1af8eb20\" data-element_type=\"column\">\n\t\t\t<div class=\"elementor-widget-wrap elementor-element-populated\">\n\t\t\t\t\t\t<div class=\"elementor-element elementor-element-3059ed15 elementor-widget elementor-widget-heading\" data-id=\"3059ed15\" data-element_type=\"widget\" data-widget_type=\"heading.default\">\n\t\t\t\t\t<h2 class=\"elementor-heading-title elementor-size-default\">Maquina ideal para:<\/h2>\t\t\t\t<\/div>\n\t\t\t\t<div class=\"elementor-element elementor-element-426fac5e elementor-widget elementor-widget-text-editor\" data-id=\"426fac5e\" data-element_type=\"widget\" data-widget_type=\"text-editor.default\">\n\t\t\t\t\t\t\t\t\t<ul><li data-start=\"1177\" data-end=\"1190\"><p data-start=\"1179\" data-end=\"1190\"><em>Feirantes<\/em><\/p><\/li><li data-start=\"1191\" data-end=\"1221\"><p data-start=\"1193\" data-end=\"1221\"><em>Vendedores de \u00e1gua de coco<\/em><\/p><\/li><li data-start=\"1222\" data-end=\"1237\"><p data-start=\"1224\" data-end=\"1237\"><em>Atacadistas<\/em><\/p><\/li><li data-start=\"1238\" data-end=\"1252\"><p data-start=\"1240\" data-end=\"1252\"><em>Ind\u00fastrias<\/em><\/p><\/li><li data-start=\"1253\" data-end=\"1272\"><p data-start=\"1255\" data-end=\"1272\"><em>Produtores rurais<\/em><\/p><\/li><\/ul>\t\t\t\t\t\t\t\t<\/div>\n\t\t\t\t\t<\/div>\n\t\t<\/div>\n\t\t\t\t\t<\/div>\n\t\t<\/section>\n\t\t\t\t<section class=\"elementor-section elementor-top-section elementor-element elementor-element-60fda4f elementor-section-boxed elementor-section-height-default elementor-section-height-default\" data-id=\"60fda4f\" data-element_type=\"section\">\n\t\t\t\t\t\t<div class=\"elementor-container elementor-column-gap-default\">\n\t\t\t\t\t<div class=\"elementor-column elementor-col-100 elementor-top-column elementor-element elementor-element-41635ac7\" data-id=\"41635ac7\" data-element_type=\"column\">\n\t\t\t<div class=\"elementor-widget-wrap elementor-element-populated\">\n\t\t\t\t\t\t<div class=\"elementor-element elementor-element-5fedab1 elementor-widget elementor-widget-heading\" data-id=\"5fedab1\" data-element_type=\"widget\" data-widget_type=\"heading.default\">\n\t\t\t\t\t<h2 class=\"elementor-heading-title elementor-size-default\">Especifica\u00e7\u00f5es T\u00e9cnicas:<\/h2>\t\t\t\t<\/div>\n\t\t\t\t<div class=\"elementor-element elementor-element-21d43289 elementor-widget elementor-widget-text-editor\" data-id=\"21d43289\" data-element_type=\"widget\" data-widget_type=\"text-editor.default\">\n\t\t\t\t\t\t\t\t\t<ul><li data-start=\"1480\" data-end=\"1514\"><p data-start=\"1482\" data-end=\"1514\"><em>Estrutura em inox<\/em><\/p><\/li><li data-start=\"1515\" data-end=\"1562\"><p data-start=\"1517\" data-end=\"1562\"><em>Motor el\u00e9trico 2 CV (bivolt opcional)<\/em><\/p><\/li><li data-start=\"1596\" data-end=\"1641\"><p data-start=\"1598\" data-end=\"1641\"><em>L\u00e2mina de a\u00e7o temperado 5 CM<\/em><\/p><\/li><li data-start=\"1642\" data-end=\"1678\"><p data-start=\"1644\" data-end=\"1678\"><em>Produ\u00e7\u00e3o de at\u00e9 780 cocos por hora<\/em><\/p><\/li><li data-start=\"1679\" data-end=\"1708\"><p data-start=\"1681\" data-end=\"1708\"><em>Compacta e de f\u00e1cil limpeza<\/em><\/p><\/li><li data-start=\"1709\" data-end=\"1753\"><p data-start=\"1711\" data-end=\"1753\"><em>Sistema de seguran\u00e7a com carenagem e trava<\/em><\/p><\/li><\/ul>\t\t\t\t\t\t\t\t<\/div>\n\t\t\t\t\t<\/div>\n\t\t<\/div>\n\t\t\t\t\t<\/div>\n\t\t<\/section>\n\t\t\t\t<section class=\"elementor-section elementor-top-section elementor-element elementor-element-19280b89 elementor-section-boxed elementor-section-height-default elementor-section-height-default\" data-id=\"19280b89\" data-element_type=\"section\">\n\t\t\t\t\t\t<div class=\"elementor-container elementor-column-gap-default\">\n\t\t\t\t\t<div class=\"elementor-column elementor-col-100 elementor-top-column elementor-element elementor-element-1df5b0cb\" data-id=\"1df5b0cb\" data-element_type=\"column\">\n\t\t\t<div class=\"elementor-widget-wrap elementor-element-populated\">\n\t\t\t\t\t\t<div class=\"elementor-element elementor-element-16a7bec3 elementor-widget elementor-widget-heading\" data-id=\"16a7bec3\" data-element_type=\"widget\" data-widget_type=\"heading.default\">\n\t\t\t\t\t<h2 class=\"elementor-heading-title elementor-size-default\">Depoimentos<\/h2>\t\t\t\t<\/div>\n\t\t\t\t<div class=\"elementor-element elementor-element-5338263f elementor-widget elementor-widget-text-editor\" data-id=\"5338263f\" data-element_type=\"widget\" data-widget_type=\"text-editor.default\">\n\t\t\t\t\t\t\t\t\t<ul>\n<li data-start=\"1480\" data-end=\"1514\">\n<p data-start=\"1482\" data-end=\"1514\"><em data-start=\"2007\" data-end=\"2105\">&#8220;Comprei para meu quiosque e foi o melhor investimento.<\/em><br data-start=\"2105\" data-end=\"2108\" \/>\u2014 Marinalva, praia do Futuro &#8211; CE<\/p>\n<\/li>\n<\/ul>\t\t\t\t\t\t\t\t<\/div>\n\t\t\t\t<div class=\"elementor-element elementor-element-3e4653d0 elementor-widget elementor-widget-text-editor\" data-id=\"3e4653d0\" data-element_type=\"widget\" data-widget_type=\"text-editor.default\">\n\t\t\t\t\t\t\t\t\t<ul>\n<li data-start=\"1480\" data-end=\"1514\">\n<p data-start=\"1482\" data-end=\"1514\"><em data-start=\"2007\" data-end=\"2105\">&#8220;Eu cortava 100 cocos por dia no fac\u00e3o. Com a CocoBlade, fa\u00e7o o triplo em menos tempo e sem me machucar&#8221;<\/em><br data-start=\"2105\" data-end=\"2108\" \/>\u2014 Jo\u00e3o, vendedor em Feira de Santana &#8211; BA<\/p>\n<\/li>\n<\/ul>\t\t\t\t\t\t\t\t<\/div>\n\t\t\t\t\t<\/div>\n\t\t<\/div>\n\t\t\t\t\t<\/div>\n\t\t<\/section>\n\t\t<div class=\"elementor-element elementor-element-1082a1ea e-flex e-con-boxed e-con e-parent\" data-id=\"1082a1ea\" data-element_type=\"container\">\n\t\t\t\t\t<div class=\"e-con-inner\">\n\t\t\t\t<div class=\"elementor-element elementor-element-38f93c5d elementor-widget elementor-widget-heading\" data-id=\"38f93c5d\" data-element_type=\"widget\" data-widget_type=\"heading.default\">\n\t\t\t\t\t<h2 class=\"elementor-heading-title elementor-size-default\">Oferta Especial De Lan\u00e7amento<\/h2>\t\t\t\t<\/div>\n\t\t\t\t\t<\/div>\n\t\t\t\t<\/div>\n\t\t<div class=\"elementor-element elementor-element-1027ea8f e-flex e-con-boxed e-con e-parent\" data-id=\"1027ea8f\" data-element_type=\"container\">\n\t\t\t\t\t<div class=\"e-con-inner\">\n\t\t\t\t<div class=\"elementor-element elementor-element-d2f675f elementor-widget elementor-widget-text-editor\" data-id=\"d2f675f\" data-element_type=\"widget\" data-widget_type=\"text-editor.default\">\n\t\t\t\t\t\t\t\t\t<p><em>Adquira agora com <strong data-start=\"2235\" data-end=\"2257\">desconto exclusivo<\/strong> e <strong data-start=\"2260\" data-end=\"2287\">parcelamento facilitado<\/strong>.<\/em><\/p>\t\t\t\t\t\t\t\t<\/div>\n\t\t\t\t<div class=\"elementor-element elementor-element-50b7ef5f elementor-widget elementor-widget-text-editor\" data-id=\"50b7ef5f\" data-element_type=\"widget\" data-widget_type=\"text-editor.default\">\n\t\t\t\t\t\t\t\t\t<ul><li>R$13.990<\/li><li>Pix Ou Cart\u00e3o de Cr\u00e9dito em ate 12 vezes<\/li><li><span style=\"font-family: var( --e-global-typography-text-font-family ), Sans-serif; text-align: var(--text-align); font-size: var(--wp--preset--font-size--large); letter-spacing: -0.1px;\">Enviamos para todo o Brasil<\/span><\/li><li><span style=\"font-family: var( --e-global-typography-text-font-family ), Sans-serif; text-align: var(--text-align); font-size: var(--wp--preset--font-size--large); letter-spacing: -0.1px;\">Suporte tecnico direto com o fabricante<\/span><\/li><li><span style=\"font-family: var( --e-global-typography-text-font-family ), Sans-serif; text-align: var(--text-align); font-size: var(--wp--preset--font-size--large); letter-spacing: -0.1px;\">Garantia de 12 meses<\/span><\/li><\/ul>\t\t\t\t\t\t\t\t<\/div>\n\t\t\t\t<div class=\"elementor-element elementor-element-12ed23e0 elementor-align-center elementor-widget elementor-widget-button\" data-id=\"12ed23e0\" data-element_type=\"widget\" data-widget_type=\"button.default\">\n\t\t\t\t\t\t\t\t\t\t<a class=\"elementor-button elementor-button-link elementor-size-sm\" href=\"https:\/\/wa.me\/5571992798589\">\n\t\t\t\t\t\t<span class=\"elementor-button-content-wrapper\">\n\t\t\t\t\t\t\t\t\t<span class=\"elementor-button-text\">Quero Comprar Agora<\/span>\n\t\t\t\t\t<\/span>\n\t\t\t\t\t<\/a>\n\t\t\t\t\t\t\t\t<\/div>\n\t\t\t\t\t<\/div>\n\t\t\t\t<\/div>\n\t\t<div class=\"elementor-element elementor-element-4ceb8036 e-flex e-con-boxed e-con e-parent\" data-id=\"4ceb8036\" data-element_type=\"container\">\n\t\t\t\t\t<div class=\"e-con-inner\">\n\t\t\t\t<div class=\"elementor-element elementor-element-1abc9315 elementor-widget elementor-widget-image\" data-id=\"1abc9315\" data-element_type=\"widget\" data-widget_type=\"image.default\">\n\t\t\t\t\t\t\t\t\t\t\t\t\t\t\t\t<a href=\"https:\/\/wa.me\/5571992798589\">\n\t\t\t\t\t\t\t<img fetchpriority=\"high\" decoding=\"async\" width=\"1024\" height=\"683\" src=\"https:\/\/maquinadecortarcoco.shop\/wp-content\/uploads\/2025\/07\/ChatGPT-Image-30-de-jul.-de-2025-23_10_55-1024x683.png\" class=\"attachment-large size-large wp-image-17\" alt=\"\" srcset=\"https:\/\/maquinadecortarcoco.shop\/wp-content\/uploads\/2025\/07\/ChatGPT-Image-30-de-jul.-de-2025-23_10_55-1024x683.png 1024w, https:\/\/maquinadecortarcoco.shop\/wp-content\/uploads\/2025\/07\/ChatGPT-Image-30-de-jul.-de-2025-23_10_55-300x200.png 300w, https:\/\/maquinadecortarcoco.shop\/wp-content\/uploads\/2025\/07\/ChatGPT-Image-30-de-jul.-de-2025-23_10_55-768x512.png 768w, https:\/\/maquinadecortarcoco.shop\/wp-content\/uploads\/2025\/07\/ChatGPT-Image-30-de-jul.-de-2025-23_10_55.png 1536w\" sizes=\"(max-width: 1024px) 100vw, 1024px\" \/>\t\t\t\t\t\t\t\t<\/a>\n\t\t\t\t\t\t\t\t\t\t\t\t\t\t\t<\/div>\n\t\t\t\t\t<\/div>\n\t\t\t\t<\/div>\n\t\t\t\t<\/div>\n\t\t","protected":false},"excerpt":{"rendered":"<p>Cansado de cortar coco no fac\u00e3o? A m\u00e1quina que vai transformar seu trabalho est\u00e1 aqui. Chega de cortar coco no fac\u00e3o! Evite esfor\u00e7o, riscos e perca de tempo. A CocoBlade corta at\u00e9 780 cocos por hora com seguran\u00e7a e precis\u00e3o. Fale no WhatsApp Maquina ideal para: Feirantes Vendedores de \u00e1gua de coco Atacadistas Ind\u00fastrias Produtores [&hellip;]<\/p>\n","protected":false},"author":1,"featured_media":0,"parent":0,"menu_order":0,"comment_status":"closed","ping_status":"closed","template":"","meta":{"footnotes":""},"class_list":["post-54","page","type-page","status-publish","hentry"],"_links":{"self":[{"href":"https:\/\/maquinadecortarcoco.shop\/index.php?rest_route=\/wp\/v2\/pages\/54","targetHints":{"allow":["GET"]}}],"collection":[{"href":"https:\/\/maquinadecortarcoco.shop\/index.php?rest_route=\/wp\/v2\/pages"}],"about":[{"href":"https:\/\/maquinadecortarcoco.shop\/index.php?rest_route=\/wp\/v2\/types\/page"}],"author":[{"embeddable":true,"href":"https:\/\/maquinadecortarcoco.shop\/index.php?rest_route=\/wp\/v2\/users\/1"}],"replies":[{"embeddable":true,"href":"https:\/\/maquinadecortarcoco.shop\/index.php?rest_route=%2Fwp%2Fv2%2Fcomments&post=54"}],"version-history":[{"count":7,"href":"https:\/\/maquinadecortarcoco.shop\/index.php?rest_route=\/wp\/v2\/pages\/54\/revisions"}],"predecessor-version":[{"id":78,"href":"https:\/\/maquinadecortarcoco.shop\/index.php?rest_route=\/wp\/v2\/pages\/54\/revisions\/78"}],"wp:attachment":[{"href":"https:\/\/maquinadecortarcoco.shop\/index.php?rest_route=%2Fwp%2Fv2%2Fmedia&parent=54"}],"curies":[{"name":"wp","href":"https:\/\/api.w.org\/{rel}","templated":true}]}}